?
1
What is the hundreds digit of 1542920289?
2
What is the hundreds digit of 15011362?
3
What is the ten thousands digit of 55175412?
7
What is the tens digit of 350931131?
3
What is the millions digit of 402302667?
2
What is the hundreds digit of 478557820?
8
What is the units digit of 37150842?
2
What is the millions digit of 50692209?
0
What is the ten millions digit of 2333796264?
3
What is the hundred thousands digit of 5803788?
8
What is the hundred millions digit of 8349399468?
3
What is the ten thousands digit of 61768163?
6
What is the ten millions digit of 33325052?
3
What is the tens digit of 2463028108?
0
What is the ten millions digit of 1181742233?
8
What is the millions digit of 3199182059?
9
What is the thousands digit of 59952441?
2
What is the millions digit of 2874941081?
4
What is the thousands digit of 72004503?
4
What is the millions digit of 296976772?
6
What is the thousands digit of 3817737?
7
What is the thousands digit of 279001815?
1
What is the hundred millions digit of 202571913?
2
What is the ten thousands digit of 1158857002?
5
What is the thousands digit of 2005518?
5
What is the thousands digit of 450452217?
2
What is the hundreds digit of 764925019?
0
What is the ten thousands digit of 51839454?
3
What is the hundreds digit of 77602788?
7
What is the tens digit of 2442683856?
5
What is the millions digit of 7484363102?
4
What is the hundred thousands digit of 2528753648?
7
What is the hundred millions digit of 443452492?
4
What is the ten millions digit of 3605455236?
0
What is the tens digit of 69522495?
9
What is the ten millions digit of 36202166?
3
What is the tens digit of 810823024?
2
What is the hundreds digit of 72699075?
0
What is the tens digit of 383110520?
2
What is the thousands digit of 135401544?
1
What is the thousands digit of 225084865?
4
What is the thousands digit of 20703938?
3
What is the units digit of 1940866028?
8
What is the tens digit of 39448030?
3
What is the hundred thousands digit of 29679093?
6
What is the thousands digit of 189209363?
9
What is the ten thousands digit of 750702830?
0
What is the hundred thousands digit of 240290914?
2
What is the hundred millions digit of 588344329?
5
What is the hundred millions digit of 3142923275?
1
What is the millions digit of 174943219?
4
What is the ten thousands digit of 107905027?
0
What is the thousands digit of 5232575736?
5
What is the hundreds digit of 4968389529?
5
What is the hundreds digit of 52197753?
7
What is the thousands digit of 558066474?
6
What is the millions digit of 1424878900?
4
What is the hundred millions digit of 530890771?
5
What is the tens digit of 231789879?
7
What is the ten thousands digit of 14296612?
9
What is the units digit of 807358206?
6
What is the ten millions digit of 81555347?
8
What is the millions digit of 489007868?
9
What is the millions digit of 123374459?
3
What is the millions digit of 593465001?
3
What is the ten thousands digit of 681499600?
9
What is the thousands digit of 5408891?
8
What is the tens digit of 2840420734?
3
What is the hundred thousands digit of 17534049?
5
What is the thousands digit of 100164172?
4
What is the millions digit of 804904644?
4
What is the ten millions digit of 76382958?
7
What is the millions digit of 4368902?
4
What is the millions digit of 1197753603?
7
What is the millions digit of 381230014?
1
What is the hundred thousands digit of 3669413464?
4
What is the ten thousands digit of 796338472?
3
What is the hundred millions digit of 1145907177?
1
What is the millions digit of 2289855786?
9
What is the thousands digit of 51762506?
2
What is the ten thousands digit of 369218353?
1
What is the tens digit of 1213590927?
2
What is the units digit of 603661391?
1
What is the hundreds digit of 107278429?
4
What is the tens digit of 330607829?
2
What is the hundreds digit of 15059405?
4
What is the billions digit of 3505876741?
3
What is the tens digit of 5960074928?
2
What is the ten thousands digit of 12288364?
8
What is the ten thousands digit of 310265569?
6
What is the thousands digit of 443202254?
2
What is the billions digit of 1002173239?
1
What is the units digit of 635576817?
7
What is the millions digit of 143217037?
3
What is the ten millions digit of 221957963?
2
What is the ten millions digit of 620366592?
2
What is the hundred thousands digit of 7391672428?
6
What is the hundred thousands digit of 59295566?
2
What is the tens digit of 114545097?
9
What is the thousands digit of 137517474?
7
What is the billions digit of 1646368459?
1
What is the ten thousands digit of 2794163671?
6
What is the ten millions digit of 209906762?
0
What is the hundred thousands digit of 12735232?
7
What is the ten millions digit of 999028739?
9
What is the thousands digit of 49994515?
4
What is the ten thousands digit of 3069929?
6
What is the ten thousands digit of 276560601?
6
What is the tens digit of 73049648?
4
What is the ten millions digit of 217695094?
1
What is the units digit of 1564776892?
2
What is the ten millions digit of 784253551?
8
What is the hundred millions digit of 948223543?
9
What is the tens digit of 46063536?
3
What is the millions digit of 681206323?
1
What is the hundreds digit of 27506966?
9
What is the units digit of 36984726?
6
What is the tens digit of 576639156?
5
What is the hundred thousands digit of 57322350?
3
What is the units digit of 43071767?
7
What is the ten millions digit of 93689809?
9
What is the ten millions digit of 57303530?
5
What is the thousands digit of 481795366?
5
What is the hundreds digit of 1854574471?
4
What is the ten thousands digit of 346227571?
2
What is the thousands digit of 851793592?
3
What is the hundred millions digit of 179287508?
1
What is the millions digit of 126294603?
6
What is the tens digit of 872432768?
6
What is the ten thousands digit of 23789430?
8
What is the ten thousands digit of 204464092?
6
What is the units digit of 424086434?
4
What is the hundred thousands digit of 22853655?
8
What is the tens digit of 318800844?
4
What is the hundreds digit of 429107?
1
What is the hundreds digit of 71391076?
0
What is the millions digit of 459840296?
9
What is the millions digit of 63702068?
3
What is the millions digit of 565856742?
5
What is the thousands digit of 2481176189?
6
What is the tens digit of 382018081?
8
What is the hundreds digit of 2804591641?
6
What is the units digit of 1857894153?
3
What is the tens digit of 456749598?
9
What is the hundreds digit of 420969031?
0
What is the hundreds digit of 286963932?
9
What is the billions digit of 1377928301?
1
What is the ten thousands digit of 341671874?
7
What is the ten millions digit of 34387422?
3
What is the hundreds digit of 201738349?
3
What is the ten thousands digit of 43383612?
8
What is the hundreds digit of 69860824?
8
What is the hundred thousands digit of 1479460250?
4
What is the hundred thousands digit of 345967249?
9
What is the millions digit of 667975068?
7
What is the tens digit of 2321555744?
4
What is the hundred millions digit of 440813214?
4
What is the millions digit of 41607978?
1
What is the hundred millions digit of 127018476?
1
What is the hundreds digit of 70141842?
8
What is the ten millions digit of 1340663927?
4
What is the hundred thousands digit of 17828927?
8
What is the hundred thousands digit of 1640709696?
7
What is the hundred millions digit of 4336505078?
3
What is the units digit of 8291523?
3
What is the tens digit of 94044269?
6
What is the millions digit of 68338558?
8
What is the hundred millions digit of 110797863?
1
What is the millions digit of 175985922?
5
What is the tens digit of 123813002?
0
What is the ten millions digit of 68942438?
6
What is the units digit of 206882699?
9
What is the hundreds digit of 251029518?
5
What is the hundred thousands digit of 896996087?
9
What is the ten millions digit of 67625755?
6
What is the hundred millions digit of 113174114?
1
What is the tens digit of 15765171?
7
What is the hundred millions digit of 926092008?
9
What is the hundreds digit of 42518790?
7
What is the ten millions digit of 146033549?
4
What is the ten thousands digit of 600163466?
6
What is the millions digit of 187489407?
7
What is the units digit of 20639664?
4
What is the tho